0 = -6*d - 8 + 44. Let a(h) = -h**3 + 7*h**2 - 5*h. Calculate a(d).
6
Suppose 0 = -4*g - 19 - 1. Let f(o) = -13*o**2 + 7*o + 6. Let y(m) = 7*m**2 - 4*m - 3. Let k(d) = -6*f(d) - 11*y(d). Calculate k(g).
12
Let a be (-1 - -11) + (11 - 8). Suppose -2*z = 3*b, z - 4*b = b + a. Let t(v) = v**2 + 6*v**3 - z*v**3 + 2*v - 5*v**3 + 1. Determine t(2).
-7
Let c(f) = f**3 + 5*f**2 + 2. Let w be c(-5). Let b be (3/(3/(-2)))/w. Let m(s) = -2*s + 4. Let y(u) = -3*u + 3. Let h(v) = 2*m(v) - 3*y(v). Give h(b).
-6
Let m = -49 + 43. Let w(u) = u**2 + 3*u + 10. Let k = 2 - 3. Let d(f) = f - 1. Let n(r) = k*w(r) - 4*d(r). Calculate n(m).
0
Let j(m) = m. Let w(i) = -95*i**3 + 2*i**2 + 2*i + 1. Let z be w(-1). Suppose k = 4*k - z. Let l be k/(-6) - (-1)/3. Give j(l).
-5
Let n(y) = -3*y - 9. Let i(u) = -2*u - 45. Let w be i(-19). Calculate n(w).
12
Let y = 10 - 10. Let n(o) = -o - 13. What is n(y)?
-13
Let y(c) = -11*c**2 + 11*c + 3. Let m(u) = -4*u**2 + 4*u + 1. Let n(l) = -8*m(l) + 3*y(l). Suppose 4*p - p = 0. What is n(p)?
1
Let q(y) = -y**3 + y**2 + 3*y + 2. Suppose 8 = r + 4, 0 = 2*g + 2*r - 12. Suppose k + g*k = -2*j - 4, 3*k = -3*j - 6. What is q(j)?
8
Let s(f) = -f**3 + 10*f**2 - 11*f + 5. Let j be s(9). Let l = -16 - j. Let t(p) = p. Determine t(l).
-3
Suppose -11 = -3*d + 10. Let b(c) = -c**2 + 8*c - 1. Let u be b(d). Let z(h) = h**3 - 7*h**2 + 8*h - 3. Determine z(u).
9
Let b(l) = l**3 - 5*l**2 + 3*l + 1. Let k(w) = -2*w**2 - 7*w - 5. Let f be k(-4). Let t be (-2)/(-9) + 11/f. Let d be (8 - t - 1)/2. Give b(d).
-3
Let m be 1/((-1)/(-4)) - 1. Suppose -a = 5*l - 19, 0 = m*l + 3*a - 5*a - 14. Let h(r) = r**3 - 3*r**2 - 4*r - 4. What is h(l)?
-4
Suppose -2*q - 5*o = 5, 4*q + 16 + 1 = -3*o. Let p(b) = 2*b**2 + 8 + 2 + 11*b - 2. Let h(d) = -d**2 - 5*d - 4. Let v(z) = q*h(z) - 2*p(z). Give v(-4).
8
Let w(y) be the second derivative of 1/6*y**4 + 0 + 3/2*y**2 + 2/3*y**3 + 3*y. What is w(-3)?
9
Let m(g) = 2*g**3 + 6*g**2 - 1. Let x(l) = -l - 2*l**3 + 5*l**2 + 0*l**3 + 2*l**3 + l**3. Let t = -2 - 0. Let o(n) = t*m(n) + 3*x(n). Give o(2).
0
Suppose f + 4 = 2*f. Suppose 3*j + 5 = -f. Let x(t) be the second derivative of -t**3/6 - t**2/2 + t + 1. Give x(j).
2
Let q(h) = h + 2. Let v be (8/(-6))/((-6)/(-9)). Let d be q(v). Let y(w) = -w + d - 6 + 2*w - 4*w. Give y(-4).
6
Let k(q) be the first derivative of q**2/2 - 4*q + 1. Let o(v) = v - 4. Let a(h) = -6*k(h) + 5*o(h). What is a(6)?
-2
Let b(t) = -3*t - 3. Suppose 0 = -2*s + m + 3, 0 = -3*m + 6 + 3. Let k = -5 + s. Calculate b(k).
3
Let y(a) = -a**2 - a. Suppose -2 = n - s + 3, -4*n - s = 5. Calculate y(n).
-2
Let m(k) = -9*k + 4*k - 10*k. What is m(1)?
-15
Let c(b) = 2*b**3 + 2*b**2 - 2*b + 1. Let r(i) = -i**3 - 1. Let y be r(-2). Let a = y - 6. What is c(a)?
3
Let p(z) = -5*z + 3 - z + 1 + z**2 + 2*z. Determine p(4).
4
Let p = 1 + -1. Let a be (2 + -5)/(-6)*p. Let w(s) = s**3 - s**2 + s - 6. Calculate w(a).
-6
Suppose 16*d = 8*d + 48. Let s(x) = x - 2. Determine s(d).
4
Let k(d) = -d**3 - 11*d**2 - 4*d - 6. Let p(r) = -2*r**3 - 23*r**2 - 8*r - 12. Let v(x) = 13*k(x) - 6*p(x). Determine v(-4).
-6
Let d = -14 + 14. Let g(y) = y**3 + 14. Determine g(d).
14
Let s(f) = 3*f - 3. Let i = 7 - 11. Let j be (-4)/6*12/i. Calculate s(j).
3
Let n(y) = -y. Suppose -30 = -3*u + i, 5*u - 3*i - 46 = 4. Let m = 5 - u. Give n(m).
5
Let w be (-8)/6*-3 - 0/(-3). Let z(i) be the second derivative of -1/20*i**5 - i + 0*i**w + 0 + 4*i**2 - 1/6*i**3. Calculate z(0).
8
Suppose 6*x + 6 = 7*x. Let f(t) = -x + 2 + 0 - 4 + 7*t. Let w(n) = -n + 1. Let d(u) = f(u) + 5*w(u). Calculate d(5).
7
Let a(s) = s**3 + s + 5. Suppose -f - 2*t - 8 = -6*t, 2*f + 3*t = 17. Suppose 4 = -2*c + 6*c + f*y, -4*c = -y + 1. What is a(c)?
5
Let s(g) = 2*g**2 - 5 + 54*g - 52*g - 3*g**2. What is s(4)?
-13
Let s(v) = -v**2 + 3*v + 7. Let j = -5 + 13. Let m = 14 - j. Give s(m).
-11
Let g(l) = -2*l**2 - 2 + 1 + 19*l - 19*l + l**3. Give g(2).
-1
Let o(j) = 3*j**3 + 9*j**2 - 8*j + 7. Let r(d) = 4*d**3 + 9*d**2 - 8*d + 7. Let t(x) = -5*o(x) + 4*r(x). What is t(8)?
-7
Let s(x) = 4*x - 3. Let f be -1*(-24)/(-2)*1/(-2). Calculate s(f).
21
Let i(k) be the second derivative of k**5/120 + k**4/24 + k**3/2 + k. Let j(y) be the second derivative of i(y). What is j(0)?
1
Let z(f) = 1. Let c(s) = -s - 1. Let l(d) = -2*c(d) + z(d). What is l(-3)?
-3
Let f(k) = 0*k + 4*k - 5 - 5*k. Suppose 22*d = 28*d + 36. Determine f(d).
1
Suppose 0*t + 1 = z - t, 5*z - 17 = -t. Let g(u) be the third derivative of 0*u + 1/12*u**4 - 6*u**2 - 1/60*u**5 + 1/3*u**3 + 0. Determine g(z).
-1
Let g(n) be the third derivative of -n**4/24 + 2*n**3 + n**2. Calculate g(5).
7
Let q(m) be the third derivative of -m**5/60 + m**3/3 - m**2. Let k(s) = -s**2 - 7*s + 11. Let w be k(-8). Let z be (0 - 0/(-1))/w. Give q(z).
2
Let d = -12 - -16. Let o be 7/(28/32) - d. Let l(k) = 4*k - 3. Determine l(o).
13
Suppose 2*f + 3 = 7. Suppose -4*n + 12 = -5*i, -f*i - 15 = -7*i - 5*n. Let p(k) be the second derivative of k**4/12 - 7*k**2/2 - 2*k. Calculate p(i).
-7
Let b(a) = 17*a**2 - 16*a**2 - a - a. Determine b(3).
3
Let p(t) = 2*t + 33. Let k be p(-15). Let l(v) = v**3 - 3*v**2 - 2*v + 4. What is l(k)?
-2
Let i(h) = -13 - h + 28 - 12. What is i(-5)?
8
Let n(l) be the first derivative of -4*l + l**2 + 2*l - 5*l + 2 + l. Determine n(4).
2
Let y(r) = -3*r**3 + 5*r**2 + 4*r + 1. Let q = 1 + 4. Let v(n) = -4*n**3 + 6*n**2 + 5*n + 1. Let w(s) = q*v(s) - 6*y(s). Calculate w(1).
-2
Let s(z) = z - 2. Suppose 5*p = 4 + 121. Suppose -p = -3*h - 2*h. Let t be s(h). Let l(w) = -4*w + 2. Determine l(t).
-10
Let p = 7 - 4. Suppose -9 = -p*l + 3*c, -7*c = -3*c - 8. Suppose -f + 3*a = -l*f - 14, -2*f + a = 12. Let r(t) = t + 4. Give r(f).
-1
Let s = -4 - -4. Suppose 4*r - 9 = 5*f, 3*f + r + 2 = -s*r. Let j(y) = -1 + 4*y + 0 + 1 + 1. What is j(f)?
-3
Suppose 3*n + 1 = -11. Let w(z) = 7*z**3 + 13*z**2 + 5. Let k(x) = -3*x**3 - 6*x**2 - 2. Suppose -20 = -9*r + 5*r. Let a(v) = r*k(v) + 2*w(v). Determine a(n).
0
Let t(k) be the second derivative of -k**4/12 - 7*k**3/6 - k**2/2 + 8*k. What is t(-6)?
5
Let c(p) = 0 - 4*p - p + p + p**2 + 2. Give c(3).
-1
Let j(w) = 9*w**3 + 5*w**2 - 2*w. Let i(r) = -r**2 + r. Let d(n) = 3*i(n) + j(n). Let s be (2 + (-4)/6)*3. Let o be (s/12)/(1/(-3)). What is d(o)?
-8
Let s(g) = -1 - 1 + 3 - 2. Let t(l) = l. Let m(a) = s(a) - 6*t(a). Suppose f = -4*f + 5*n - 15, 18 = -2*f + 5*n. Determine m(f).
-7
Let u(k) = 107*k + 2 - 1 - 108*k. Calculate u(2).
-1
Let v(p) be the third derivative of 11*p**6/120 + p**5/60 - p**3/6 - p**2. Suppose 0 = 4*a + a - 3*d - 8, -d = 5*a - 4. Determine v(a).
11
Let g = -608 + 612. Let t(w) be the third derivative of -w**6/120 + w**5/15 + w**4/8 - w**3/6 + w**2. Give t(g).
11
Suppose 0*s - 90 = -5*s. Suppose 0*h - 4*z = h - 15, -3*h - 3*z = -s. Let u(a) = -a + 3. What is u(h)?
0
Let u(m) = -3 + 3*m + m**2 - 5*m + 2 - m. Determine u(4).
3
Let o be -1*1/(0 + -1). Let z(j) = -2*j + j**2 + 3*j + j**3 + o + 1. Calculate z(0).
2
Let f(p) = 6*p - 2. Let v be 15/(-20) - (-2 + (-18)/(-8)). Determine f(v).
-8
Let w(i) = i - 2*i + 2 + 1. Let f = -17 - -20. Let u be -1 - (-5 + f) - -3. Give w(u).
-1
Let a(t) = -t**3 - 9*t**2 + 11*t + 14. Suppose -17*l - 224 = -54. What is a(l)?
4
Let v(h) = -h**2 - 6 - 2*h - 5*h - 1. Suppose 4*f - 4*c - 60 = 0, 4*c - 13 = -4*f + 7. Let w = f + -15. Give v(w).
3
Let r(j) = -j**2 + 4*j + 4. Let v be r(4). Let h = -2 + v. Let a be 7/14 + (-5)/h. Let l(g) = g**2 + 2*g + 1. Give l(a).
1
Let i(j) = j - 5 + 5 - 4. What is i(-5)?
-9
Let r(b) = -7*b**3 + 14*b**2 + 9*b - 6. Let p(c) = 8*c**3 - 15*c**2 - 9*c + 7. Let l(k) = 6*p(k) + 7*r(k). Calculate l(9).
0
Let c(d) = 13*d + 12. Let k(j) = -26*j - 26. Let g(v) = -13*c(v) - 6*k(v). Determine g(-1).
13
Let j(w) be the first derivative of w**3/3 + 3*w**2/2 + w - 1. Let q be 30/(-6) + (3 - 0). Determine j(q).
-1
Let m(p) = 2*p - 1. Let i(v) = v + 21. Let n be i(-9). Let f = 9 - n. Calculate m(f).
-7
Suppose -2*v - 15 = -7*v. Let r(d) = -2*d**2 + 5*d - 2. Give r(v).
-5
Let u(s) = 14*s**2 + s + 1. Suppose -2*k - 2*k + 2*f + 18 = 0, -2*k - 11 = 3*f. Suppose g + 2 = -h, h = 5*g + k + 2. What is u(h)?
14
Let f(v) = -v**2 + v - 2*v - 2 + 4*v**2. Suppose -2*w + 4*a = 8 - 78, -4*a + 95 = 3*w. Suppose 4*d + 5*t = -w, 2*d = -d - 4*t - 26. Wh